{"id":11365,"date":"2023-11-29T07:37:10","date_gmt":"2023-11-29T06:37:10","guid":{"rendered":"http:\/\/charitybasar.cn\/?page_id=11365"},"modified":"2025-11-24T05:07:29","modified_gmt":"2025-11-24T04:07:29","slug":"guide-de","status":"publish","type":"page","link":"https:\/\/charitybasar.cn\/index.php\/guide-de\/","title":{"rendered":"Weihnachtsmarkt Guide"},"content":{"rendered":"<p>[et_pb_section fb_built=&#8220;1&#8243; _builder_version=&#8220;4.22.2&#8243; _module_preset=&#8220;default&#8220; background_color=&#8220;#0b3731&#8243; global_colors_info=&#8220;{}&#8220;][et_pb_row _builder_version=&#8220;4.22.2&#8243; _module_preset=&#8220;default&#8220; global_colors_info=&#8220;{}&#8220;][et_pb_column type=&#8220;4_4&#8243; _builder_version=&#8220;4.22.2&#8243; _module_preset=&#8220;default&#8220; global_colors_info=&#8220;{}&#8220;][et_pb_text _builder_version=&#8220;4.22.2&#8243; _module_preset=&#8220;default&#8220; text_font=&#8220;Marcellus SC|||on|||||&#8220; text_font_size=&#8220;16px&#8220; text_line_height=&#8220;2.1em&#8220; header_font=&#8220;Marcellus SC|||on|||||&#8220; header_text_align=&#8220;center&#8220; header_text_color=&#8220;#FFFFFF&#8220; header_font_size=&#8220;60px&#8220; text_font_size_tablet=&#8220;16px&#8220; text_font_size_phone=&#8220;14px&#8220; text_font_size_last_edited=&#8220;on|phone&#8220; inline_fonts=&#8220;Cinzel,Diplomata SC,Diplomata,Do Hyeon,El Messiri,Edu VIC WA NT Beginner,Aboreto,Mate SC,Cormorant SC,Marcellus SC&#8220; global_colors_info=&#8220;{}&#8220;]<\/p>\n<h1 class=\"et_pb_module_header\" style=\"text-align: center;\"><span style=\"font-size: x-large;\"><strong><span style=\"color: #faf6eb; font-family: 'Marcellus SC';\">Der Weihnachtsbasar Guide<\/span><\/strong><\/span><\/h1>\n<p style=\"text-align: center;\"><span style=\"font-family: 'Marcellus SC'; font-weight: normal; font-size: large; color: #fffff4;\"><\/span><\/p>\n<p>[\/et_pb_text][et_pb_text _builder_version=&#8220;4.22.2&#8243; _module_preset=&#8220;default&#8220; inline_fonts=&#8220;Marcellus&#8220; global_colors_info=&#8220;{}&#8220;][\/et_pb_text][\/et_pb_column][\/et_pb_row][et_pb_row _builder_version=&#8220;4.22.2&#8243; _module_preset=&#8220;default&#8220; custom_margin=&#8220;-200px||||false|false&#8220; global_colors_info=&#8220;{}&#8220;][et_pb_column type=&#8220;4_4&#8243; _builder_version=&#8220;4.22.2&#8243; _module_preset=&#8220;default&#8220; global_colors_info=&#8220;{}&#8220;][et_pb_image src=&#8220;https:\/\/charitybasar.cn\/wp-content\/uploads\/2025\/11\/BasarGuide_2025_DE.jpg&#8220; title_text=&#8220;BasarGuide_2025_DE&#8220; url=&#8220;https:\/\/charitybasar.cn\/wp-content\/uploads\/2024\/11\/BasarGuide_2024_DE-1-scaled.jpg&#8220; _builder_version=&#8220;4.27.4&#8243; _module_preset=&#8220;default&#8220; global_colors_info=&#8220;{}&#8220;][\/et_pb_image][\/et_pb_column][\/et_pb_row][et_pb_row column_structure=&#8220;1_2,1_2&#8243; _builder_version=&#8220;4.27.0&#8243; _module_preset=&#8220;default&#8220; global_colors_info=&#8220;{}&#8220;][et_pb_column type=&#8220;1_2&#8243; _builder_version=&#8220;4.27.0&#8243; _module_preset=&#8220;default&#8220; global_colors_info=&#8220;{}&#8220;][et_pb_image src=&#8220;https:\/\/charitybasar.cn\/wp-content\/uploads\/2025\/11\/Guide_DE_1-1.png&#8220; title_text=&#8220;Guide_DE_1&#8243; _builder_version=&#8220;4.27.4&#8243; _module_preset=&#8220;default&#8220; hover_enabled=&#8220;0&#8243; global_colors_info=&#8220;{}&#8220; sticky_enabled=&#8220;0&#8243;][\/et_pb_image][\/et_pb_column][et_pb_column type=&#8220;1_2&#8243; _builder_version=&#8220;4.27.0&#8243; _module_preset=&#8220;default&#8220; global_colors_info=&#8220;{}&#8220;][et_pb_image src=&#8220;https:\/\/charitybasar.cn\/wp-content\/uploads\/2025\/11\/Guide_DE_2.png&#8220; title_text=&#8220;Guide_DE_2&#8243; _builder_version=&#8220;4.27.4&#8243; _module_preset=&#8220;default&#8220; hover_enabled=&#8220;0&#8243; global_colors_info=&#8220;{}&#8220; sticky_enabled=&#8220;0&#8243;][\/et_pb_image][\/et_pb_column][\/et_pb_row][et_pb_row column_structure=&#8220;1_2,1_2&#8243; _builder_version=&#8220;4.27.0&#8243; _module_preset=&#8220;default&#8220; global_colors_info=&#8220;{}&#8220;][et_pb_column type=&#8220;1_2&#8243; _builder_version=&#8220;4.27.0&#8243; _module_preset=&#8220;default&#8220; global_colors_info=&#8220;{}&#8220;][et_pb_image src=&#8220;https:\/\/charitybasar.cn\/wp-content\/uploads\/2025\/11\/Guide_DE_3-1.png&#8220; title_text=&#8220;Guide_DE_3&#8243; _builder_version=&#8220;4.27.4&#8243; _module_preset=&#8220;default&#8220; hover_enabled=&#8220;0&#8243; global_colors_info=&#8220;{}&#8220; sticky_enabled=&#8220;0&#8243;][\/et_pb_image][\/et_pb_column][et_pb_column type=&#8220;1_2&#8243; _builder_version=&#8220;4.27.0&#8243; _module_preset=&#8220;default&#8220; global_colors_info=&#8220;{}&#8220;][et_pb_image src=&#8220;https:\/\/charitybasar.cn\/wp-content\/uploads\/2025\/11\/Guide_DE_4.png&#8220; title_text=&#8220;Guide_DE_4&#8243; _builder_version=&#8220;4.27.4&#8243; _module_preset=&#8220;default&#8220; hover_enabled=&#8220;0&#8243; global_colors_info=&#8220;{}&#8220; sticky_enabled=&#8220;0&#8243;][\/et_pb_image][\/et_pb_column][\/et_pb_row][et_pb_row disabled_on=&#8220;off|off|off&#8220; _builder_version=&#8220;4.22.2&#8243; _module_preset=&#8220;default&#8220; transform_scale=&#8220;132%|132%&#8220; transform_translate=&#8220;0px|14px&#8220; global_colors_info=&#8220;{}&#8220;][et_pb_column type=&#8220;4_4&#8243; _builder_version=&#8220;4.22.2&#8243; _module_preset=&#8220;default&#8220; global_colors_info=&#8220;{}&#8220;][et_pb_image src=&#8220;https:\/\/charitybasar.cn\/wp-content\/uploads\/2023\/10\/2023-Trees.png&#8220; title_text=&#8220;2023 Trees&#8220; force_fullwidth=&#8220;on&#8220; _builder_version=&#8220;4.27.0&#8243; _module_preset=&#8220;default&#8220; transform_scale_tablet=&#8220;&#8220; transform_scale_phone=&#8220;&#8220; transform_scale_last_edited=&#8220;on|desktop&#8220; transform_translate_tablet=&#8220;&#8220; transform_translate_phone=&#8220;0px|62px&#8220; transform_translate_last_edited=&#8220;on|phone&#8220; transform_translate_linked_phone=&#8220;off&#8220; transform_rotate_tablet=&#8220;&#8220; transform_rotate_phone=&#8220;&#8220; transform_rotate_last_edited=&#8220;on|desktop&#8220; transform_skew_tablet=&#8220;&#8220; transform_skew_phone=&#8220;&#8220; transform_skew_last_edited=&#8220;on|desktop&#8220; transform_origin_tablet=&#8220;&#8220; transform_origin_phone=&#8220;&#8220; transform_origin_last_edited=&#8220;on|desktop&#8220; transform_styles_last_edited=&#8220;on|phone&#8220; custom_margin=&#8220;-70px||||false|false&#8220; transform_styles_tablet=&#8220;&#8220; transform_styles_phone=&#8220;&#8220; global_colors_info=&#8220;{}&#8220;][\/et_pb_image][\/et_pb_column][\/et_pb_row][\/et_pb_section][et_pb_section fb_built=&#8220;1&#8243; theme_builder_area=&#8220;post_content&#8220; _builder_version=&#8220;4.27.4&#8243; _module_preset=&#8220;default&#8220; background_color=&#8220;#FAF6EB&#8220; hover_enabled=&#8220;0&#8243; sticky_enabled=&#8220;0&#8243;][et_pb_row column_structure=&#8220;1_3,1_3,1_3&#8243; _builder_version=&#8220;4.27.4&#8243; _module_preset=&#8220;default&#8220; background_color=&#8220;#FAF6EB&#8220; global_colors_info=&#8220;{}&#8220; theme_builder_area=&#8220;post_content&#8220;][et_pb_column type=&#8220;1_3&#8243; _builder_version=&#8220;4.27.4&#8243; _module_preset=&#8220;default&#8220; global_colors_info=&#8220;{}&#8220; theme_builder_area=&#8220;post_content&#8220;][et_pb_divider color=&#8220;#0A0000&#8243; _builder_version=&#8220;4.27.4&#8243; _module_preset=&#8220;default&#8220; module_alignment=&#8220;center&#8220; custom_margin=&#8220;10px||||false|false&#8220; hover_enabled=&#8220;0&#8243; global_colors_info=&#8220;{}&#8220; theme_builder_area=&#8220;post_content&#8220; sticky_enabled=&#8220;0&#8243;][\/et_pb_divider][\/et_pb_column][et_pb_column type=&#8220;1_3&#8243; _builder_version=&#8220;4.27.4&#8243; _module_preset=&#8220;default&#8220; global_colors_info=&#8220;{}&#8220; theme_builder_area=&#8220;post_content&#8220;][et_pb_heading title=&#8220;B\u00fchnenprogramm&#8220; _builder_version=&#8220;4.27.4&#8243; _module_preset=&#8220;default&#8220; title_text_align=&#8220;center&#8220; global_colors_info=&#8220;{}&#8220; theme_builder_area=&#8220;post_content&#8220;][\/et_pb_heading][\/et_pb_column][et_pb_column type=&#8220;1_3&#8243; _builder_version=&#8220;4.27.4&#8243; _module_preset=&#8220;default&#8220; global_colors_info=&#8220;{}&#8220; theme_builder_area=&#8220;post_content&#8220;][et_pb_divider color=&#8220;#0A0000&#8243; _builder_version=&#8220;4.27.4&#8243; _module_preset=&#8220;default&#8220; module_alignment=&#8220;center&#8220; custom_margin=&#8220;10px||||false|false&#8220; global_colors_info=&#8220;{}&#8220; theme_builder_area=&#8220;post_content&#8220;][\/et_pb_divider][\/et_pb_column][\/et_pb_row][et_pb_row _builder_version=&#8220;4.27.4&#8243; _module_preset=&#8220;default&#8220; column_structure=&#8220;1_3,1_3,1_3&#8243; theme_builder_area=&#8220;post_content&#8220;][et_pb_column _builder_version=&#8220;4.27.4&#8243; _module_preset=&#8220;default&#8220; type=&#8220;1_3&#8243; theme_builder_area=&#8220;post_content&#8220;][et_pb_text _builder_version=&#8220;4.27.4&#8243; _module_preset=&#8220;default&#8220; hover_enabled=&#8220;0&#8243; global_colors_info=&#8220;{}&#8220; theme_builder_area=&#8220;post_content&#8220; sticky_enabled=&#8220;0&#8243;]<\/p>\n<p class=\"ds-markdown-paragraph\"><strong><span>Freitag, 28.11.2025 \u2013 18:00\u201321:00 Uhr<\/span><\/strong><\/p>\n<ul>\n<li>\n<p class=\"ds-markdown-paragraph\"><strong><span>19:00 Uhr<\/span><\/strong><span>\u00a0Kantorei<\/span><\/p>\n<\/li>\n<li>\n<p class=\"ds-markdown-paragraph\"><strong><span>19:15 Uhr<\/span><\/strong><span>\u00a0Er\u00f6ffnungsansprache von der deutschen Botschafterin Dr. Patricia Flor<\/span><\/p>\n<\/li>\n<li>\n<p class=\"ds-markdown-paragraph\"><strong><span>19:20 Uhr<\/span><\/strong><span>\u00a0Ansprache von Carolin Jansen, Bazaar-Direktorin<\/span><br \/><em><span>Geschenk\u00fcbergabe<\/span><\/em><span>\u00a0des Adventskranzes von den &#8222;Christmas Angels&#8220; an Dr. Patricia Flor<\/span><\/p>\n<\/li>\n<li>\n<p class=\"ds-markdown-paragraph\"><strong><span>19:30 Uhr<\/span><\/strong><span>\u00a0Ansprache von Huanying Wang, Wohlt\u00e4tigkeitsorganisationen<\/span><\/p>\n<\/li>\n<li>\n<p class=\"ds-markdown-paragraph\"><strong><span>19:35 Uhr<\/span><\/strong><span>\u00a0Ansprache der Kirche<\/span><\/p>\n<\/li>\n<li>\n<p class=\"ds-markdown-paragraph\"><strong><span>19:40 Uhr<\/span><\/strong><span>\u00a0Auftritt der Nr. 35 Mittelschule Peking (Beijing No. 35 Middle School)<\/span><\/p>\n<\/li>\n<li>\n<p class=\"ds-markdown-paragraph\"><strong><span>20:00 Uhr<\/span><\/strong><span>\u00a0Pause<\/span><\/p>\n<\/li>\n<li>\n<p class=\"ds-markdown-paragraph\"><strong><span>20:10 Uhr<\/span><\/strong><span>\u00a0Kantorei<\/span><\/p>\n<\/li>\n<\/ul>\n<p>[\/et_pb_text][\/et_pb_column][et_pb_column _builder_version=&#8220;4.27.4&#8243; _module_preset=&#8220;default&#8220; type=&#8220;1_3&#8243; theme_builder_area=&#8220;post_content&#8220;][et_pb_text _builder_version=&#8220;4.27.4&#8243; _module_preset=&#8220;default&#8220; global_colors_info=&#8220;{}&#8220; theme_builder_area=&#8220;post_content&#8220;]<\/p>\n<p class=\"ds-markdown-paragraph\"><strong><span>Samstag, 29.11.2025 \u2013 13:00\u201316:00 Uhr<\/span><\/strong><\/p>\n<ul>\n<li>\n<p class=\"ds-markdown-paragraph\"><strong><span>13:40 Uhr<\/span><\/strong><span>\u00a0Kantorei<\/span><\/p>\n<\/li>\n<li>\n<p class=\"ds-markdown-paragraph\"><strong><span>14:10 Uhr<\/span><\/strong><span>\u00a0Ansprache der Kirche<\/span><\/p>\n<\/li>\n<li>\n<p class=\"ds-markdown-paragraph\"><strong><span>14:15 Uhr<\/span><\/strong><span>\u00a0Auftritt der Wohlt\u00e4tigkeitsorganisation\u00a0<\/span><strong><span>Stars &amp; Rain<\/span><\/strong><span>\u00a0\u2013 das erste F\u00f6rderzentrum in China f\u00fcr Kinder mit Autismus<\/span><\/p>\n<\/li>\n<li>\n<p class=\"ds-markdown-paragraph\"><strong><span>14:30 Uhr<\/span><\/strong><span>\u00a0Auftritt der Wohlt\u00e4tigkeitsorganisation\u00a0<\/span><strong><span>Facilitators<\/span><\/strong><span>\u00a0\u2013 eine Organisation, die Wanderarbeiter und ihre Kinder unterst\u00fctzt<\/span><\/p>\n<\/li>\n<li>\n<p class=\"ds-markdown-paragraph\"><strong><span>14:40 Uhr<\/span><\/strong><span>\u00a0Auftritt der Wohlt\u00e4tigkeitsorganisation\u00a0<\/span><strong><span>Our Learning House<\/span><\/strong><span>\u00a0\u2013 sie betreiben ein Lernzentrum f\u00fcr Kinder aus ganz China, die in Peking in medizinischer Behandlung sind, sowie f\u00fcr Waisen, die einen Ort zum Lernen und Wohnen ben\u00f6tigen<\/span><\/p>\n<\/li>\n<li>\n<p class=\"ds-markdown-paragraph\"><strong><span>15:00 Uhr<\/span><\/strong><span>\u00a0Pause<\/span><\/p>\n<\/li>\n<li>\n<p class=\"ds-markdown-paragraph\"><strong><span>15:10 Uhr<\/span><\/strong><span>\u00a0Kantorei<\/span><\/p>\n<\/li>\n<\/ul>\n<p>[\/et_pb_text][\/et_pb_column][et_pb_column _builder_version=&#8220;4.27.4&#8243; _module_preset=&#8220;default&#8220; type=&#8220;1_3&#8243; theme_builder_area=&#8220;post_content&#8220;][et_pb_text _builder_version=&#8220;4.27.4&#8243; _module_preset=&#8220;default&#8220; global_colors_info=&#8220;{}&#8220; theme_builder_area=&#8220;post_content&#8220;]<\/p>\n<p class=\"ds-markdown-paragraph\"><strong><span>Samstag, 29. November 2025 \u2013 17:00\u201321:00 Uhr<\/span><\/strong><\/p>\n<ul>\n<li>\n<p class=\"ds-markdown-paragraph\"><strong><span>17:30 Uhr<\/span><\/strong><span> Auftritt VW-Chor<\/span><\/p>\n<\/li>\n<li>\n<p class=\"ds-markdown-paragraph\"><strong><span>17:50 Uhr<\/span><\/strong><span>\u00a0Ansprache der Kirche<\/span><\/p>\n<\/li>\n<li>\n<p class=\"ds-markdown-paragraph\"><strong><span>17:55 Uhr<\/span><\/strong><span>\u00a0Pause<\/span><\/p>\n<\/li>\n<li>\n<p class=\"ds-markdown-paragraph\"><strong><span>18:00 Uhr<\/span><\/strong><span>\u00a0Auftritt der Wohlt\u00e4tigkeitsorganisation\u00a0<\/span><strong><span>365 Home<\/span><\/strong><span>\u00a0\u2013 ein privates Waisenhaus von Frau Zhao und ihrer Schwester, das Kinder mit Zerebralparese, Down-Syndrom und anderen Behinderungen betreut<\/span><\/p>\n<\/li>\n<li>\n<p class=\"ds-markdown-paragraph\"><strong><span>18:15 Uhr<\/span><\/strong><span>\u00a0Auftritt der Wohlt\u00e4tigkeitsorganisation\u00a0<\/span><strong><span>Tianyun<\/span><\/strong><span>\u00a0\u2013 ein F\u00f6rderzentrum f\u00fcr geh\u00f6rlose und stumme Kinder<\/span><\/p>\n<\/li>\n<li>\n<p class=\"ds-markdown-paragraph\"><strong><span>18:25 Uhr<\/span><\/strong><span>\u00a0Pause (15 Minuten)<\/span><\/p>\n<\/li>\n<li>\n<p class=\"ds-markdown-paragraph\"><strong><span>18:40 Uhr<\/span><\/strong><span>\u00a0Auftritt des Botschaftschors<\/span><\/p>\n<\/li>\n<li>\n<p class=\"ds-markdown-paragraph\"><strong><span>19:10 Uhr<\/span><\/strong><span>\u00a0Auftritt des VW-Chors<\/span><\/p>\n<\/li>\n<\/ul>\n<p>[\/et_pb_text][\/et_pb_column][\/et_pb_row][et_pb_row column_structure=&#8220;1_3,1_3,1_3&#8243; _builder_version=&#8220;4.27.4&#8243; _module_preset=&#8220;default&#8220; background_color=&#8220;#FAF6EB&#8220; global_colors_info=&#8220;{}&#8220; theme_builder_area=&#8220;post_content&#8220;][et_pb_column type=&#8220;1_3&#8243; _builder_version=&#8220;4.27.4&#8243; _module_preset=&#8220;default&#8220; global_colors_info=&#8220;{}&#8220; theme_builder_area=&#8220;post_content&#8220;][et_pb_text _builder_version=&#8220;4.27.4&#8243; _module_preset=&#8220;default&#8220; global_colors_info=&#8220;{}&#8220; theme_builder_area=&#8220;post_content&#8220;]<\/p>\n<p class=\"ds-markdown-paragraph\"><strong><span>Sonntag, 30.11.2025 \u2013 11:00\u201314:00 Uhr<\/span><\/strong><\/p>\n<ul>\n<li>\n<p class=\"ds-markdown-paragraph\"><strong><span>12:00 Uhr<\/span><\/strong><span>\u00a0Auftritt des DSP-Schulchors<\/span><\/p>\n<\/li>\n<li>\n<p class=\"ds-markdown-paragraph\"><strong><span>12:15 Uhr<\/span><\/strong><span>\u00a0Auftritt der Dance AG (Tanz-AG)<\/span><\/p>\n<\/li>\n<li>\n<p class=\"ds-markdown-paragraph\"><strong><span>12:25 Uhr<\/span><\/strong><span>\u00a0Pause<\/span><\/p>\n<\/li>\n<li>\n<p class=\"ds-markdown-paragraph\"><strong><span>12:35 Uhr<\/span><\/strong><span>\u00a0Ansprache der Kirche<\/span><\/p>\n<\/li>\n<li>\n<p class=\"ds-markdown-paragraph\"><strong><span>12:40 Uhr<\/span><\/strong><span>\u00a0Auftritt der Wohlt\u00e4tigkeitsorganisation\u00a0<\/span><strong><span>HOPE<\/span><\/strong><span>\u00a0\u2013 bietet heilp\u00e4dagogisches Reiten f\u00fcr Kinder mit besonderen Bed\u00fcrfnissen an<\/span><\/p>\n<\/li>\n<li>\n<p class=\"ds-markdown-paragraph\"><strong><span>13:00 Uhr<\/span><\/strong><span>\u00a0Auftritt der Wohlt\u00e4tigkeitsorganisation\u00a0<\/span><strong><span>Happy School of Aixin Miaopu<\/span><\/strong><span>\u00a0\u2013 unterst\u00fctzt Familien mit Kindern, die an Leuk\u00e4mie erkrankt sind und im Ludaopei Hospital in Yanjiao behandelt werden<\/span><\/p>\n<\/li>\n<li>\n<p class=\"ds-markdown-paragraph\"><strong><span>13:10 Uhr<\/span><\/strong><span>\u00a0Auftritt des Botschaftschors<\/span><\/p>\n<\/li>\n<\/ul>\n<p>[\/et_pb_text][\/et_pb_column][et_pb_column type=&#8220;1_3&#8243; _builder_version=&#8220;4.27.4&#8243; _module_preset=&#8220;default&#8220; global_colors_info=&#8220;{}&#8220; theme_builder_area=&#8220;post_content&#8220;][et_pb_text _builder_version=&#8220;4.27.4&#8243; _module_preset=&#8220;default&#8220; global_colors_info=&#8220;{}&#8220; theme_builder_area=&#8220;post_content&#8220;]<\/p>\n<p class=\"ds-markdown-paragraph\"><strong><span>Sonntag, 30.11.2025 \u2013 15:00\u201318:00 Uhr<\/span><\/strong><\/p>\n<ul>\n<li>\n<p class=\"ds-markdown-paragraph\"><strong><span>15:30 Uhr<\/span><\/strong><span>\u00a0Auftritt des DSP-Schulchors<\/span><\/p>\n<\/li>\n<li>\n<p class=\"ds-markdown-paragraph\"><strong><span>16:00 Uhr<\/span><\/strong><span>\u00a0Pause<\/span><\/p>\n<\/li>\n<li>\n<p class=\"ds-markdown-paragraph\"><strong><span>16:10 Uhr<\/span><\/strong><span>\u00a0Ansprache der Kirche<\/span><\/p>\n<\/li>\n<li>\n<p class=\"ds-markdown-paragraph\"><strong><span>16:15 Uhr<\/span><\/strong><span>\u00a0Auftritt der Wohlt\u00e4tigkeitsorganisation\u00a0<\/span><strong><span>Bethel<\/span><\/strong><span>\u00a0\u2013 ein F\u00f6rderzentrum f\u00fcr sehbehinderte Kinder<\/span><\/p>\n<\/li>\n<li>\n<p class=\"ds-markdown-paragraph\"><strong><span>16:35 Uhr<\/span><\/strong><span>\u00a0Auftritt der Wohlt\u00e4tigkeitsorganisation\u00a0<\/span><strong><span>Huiling<\/span><\/strong><span>\u00a0\u2013 ein Wohn- und F\u00f6rderzentrum f\u00fcr junge Erwachsene und \u00e4ltere Menschen mit Down-Syndrom und Zerebralparese<\/span><\/p>\n<\/li>\n<li>\n<p class=\"ds-markdown-paragraph\"><strong><span>16:45 Uhr<\/span><\/strong><span>\u00a0Pause<\/span><\/p>\n<\/li>\n<li>\n<p class=\"ds-markdown-paragraph\"><strong><span>16:55 Uhr<\/span><\/strong><span>\u00a0Auftritt des DSP-Schulchors<\/span><\/p>\n<\/li>\n<\/ul>\n<p>[\/et_pb_text][\/et_pb_column][et_pb_column type=&#8220;1_3&#8243; _builder_version=&#8220;4.27.4&#8243; _module_preset=&#8220;default&#8220; global_colors_info=&#8220;{}&#8220; theme_builder_area=&#8220;post_content&#8220;][\/et_pb_column][\/et_pb_row][\/et_pb_section]<\/p>\n","protected":false},"excerpt":{"rendered":"<p>Der Weihnachtsbasar Guide Freitag, 28.11.2025 \u2013 18:00\u201321:00 Uhr 19:00 Uhr\u00a0Kantorei 19:15 Uhr\u00a0Er\u00f6ffnungsansprache von der deutschen Botschafterin Dr. Patricia Flor 19:20 Uhr\u00a0Ansprache von Carolin Jansen, Bazaar-DirektorinGeschenk\u00fcbergabe\u00a0des Adventskranzes von den &#8222;Christmas Angels&#8220; an Dr. Patricia Flor 19:30 Uhr\u00a0Ansprache von Huanying Wang, Wohlt\u00e4tigkeitsorganisationen 19:35 Uhr\u00a0Ansprache der Kirche 19:40 Uhr\u00a0Auftritt der Nr. 35 Mittelschule Peking (Beijing No. 35 Middle [&hellip;]<\/p>\n","protected":false},"author":3,"featured_media":0,"parent":0,"menu_order":0,"comment_status":"closed","ping_status":"closed","template":"","meta":{"_et_pb_use_builder":"on","_et_pb_old_content":"","_et_gb_content_width":"","footnotes":""},"class_list":["post-11365","page","type-page","status-publish","hentry"],"_links":{"self":[{"href":"https:\/\/charitybasar.cn\/index.php\/wp-json\/wp\/v2\/pages\/11365","targetHints":{"allow":["GET"]}}],"collection":[{"href":"https:\/\/charitybasar.cn\/index.php\/wp-json\/wp\/v2\/pages"}],"about":[{"href":"https:\/\/charitybasar.cn\/index.php\/wp-json\/wp\/v2\/types\/page"}],"author":[{"embeddable":true,"href":"https:\/\/charitybasar.cn\/index.php\/wp-json\/wp\/v2\/users\/3"}],"replies":[{"embeddable":true,"href":"https:\/\/charitybasar.cn\/index.php\/wp-json\/wp\/v2\/comments?post=11365"}],"version-history":[{"count":38,"href":"https:\/\/charitybasar.cn\/index.php\/wp-json\/wp\/v2\/pages\/11365\/revisions"}],"predecessor-version":[{"id":13608,"href":"https:\/\/charitybasar.cn\/index.php\/wp-json\/wp\/v2\/pages\/11365\/revisions\/13608"}],"wp:attachment":[{"href":"https:\/\/charitybasar.cn\/index.php\/wp-json\/wp\/v2\/media?parent=11365"}],"curies":[{"name":"wp","href":"https:\/\/api.w.org\/{rel}","templated":true}]}}